 + 7. Give m(-2).
43
Let t(q) = -q**3 - q**2 - q - 1. Give t(-2).
5
Let l(o) = 9*o - 14. Determine l(2).
4
Let m(z) = -z**3 - 16*z**2 - 29*z - 12. Determine m(-14).
2
Let t(z) = 8*z**2 + 5*z - 1. What is t(1)?
12
Let q(x) = 27*x**2 - x + 1. What is q(1)?
27
Let h(l) = l**3 - 4*l**2 + 2*l + 6. Calculate h(3).
3
Let f(s) = s**2 - 2*s + 1. Determine f(3).
4
Let p(j) = -j + 16. Give p(-11).
27
Let s(a) = -a**3 + 22*a**2 + a - 2. Determine s(22).
20
Let n(p) = -p**2 - p + 7. Give n(6).
-35
Let l(r) = -10*r + 2. Determine l(-6).
62
Let l(w) = -w**2 + 9*w + 9. Give l(8).
17
Let t(f) = -f**2 + 4. What is t(0)?
4
Let g(p) = 20*p + 574. Determine g(-28).
14
Let u(s) = s**3 - 10*s**2 + 9*s - 9. Give u(10).
81
Let k(r) = 7*r - 10. Calculate k(0).
-10
Let c(o) = o**2 - 13*o + 35. Give c(10).
5
Let n(s) = s**3 - 14*s**2 - 19*s + 60. Give n(15).
0
Let d(n) = n**2 - 3*n + 6. Give d(6).
24
Let d(g) = -g**2 + 22*g - 26. Determine d(18).
46
Let b(t) = -3*t + 33. What is b(8)?
9
Let t(j) = 2*j**2 - 5*j + 6. Determine t(2).
4
Let b(i) = i**3 + 4*i**2 - 15*i - 8. Determine b(-7).
-50
Let r(v) = v**2 - 10*v - 1. Calculate r(6).
-25
Let s(f) = 7*f**2 - 6. Give s(-2).
22
Let x(q) = q**3 - 5*q**2 + 6*q. Give x(3).
0
Let d(z) = -z**3 + 7*z**2 + 2*z + 9. What is d(7)?
23
Let k(r) = -20*r**2 - 162*r - 9. What is k(-8)?
7
Let h(a) = 5*a + 11. Determine h(-5).
-14
Let g(c) = -5*c**3 + 25*c**2 - 3*c + 10. What is g(5)?
-5
Let d(h) = -h - 6. Give d(-5).
-1
Let r(k) = 12*k + 81. Calculate r(-7).
-3
Let g(i) = -3*i - 10. Determine g(-5).
5
Let n(m) = -6*m + 18. What is n(4)?
-6
Let h(d) = 6*d + 7. Give h(4).
31
Let h(b) = -b - 11. Give h(-11).
0
Let u(b) = -b**2 + 17*b - 35. What is u(14)?
7
Let k(i) = 8*i + 84. What is k(-9)?
12
Let h(j) = -j**3 - 4*j**2 + 4*j + 6. Give h(-4).
-10
Let d(t) = -8*t**2 - 4*t - 3. Determine d(-1).
-7
Let u(k) = -k**3 - 12*k**2 - 40*k - 12. Give u(-7).
23
Let d(v) = -v**2 + 14*v + 11. Give d(14).
11
Let j(f) = -9*f - 145. What is j(-18)?
17
Let n(j) = -j**2 - 2*j + 3. Calculate n(2).
-5
Let y(l) = l**3 - 16*l**2 + 29*l. What is y(14)?
14
Let k(c) = -c**2 - 9*c - 8. What is k(-6)?
10
Let c(k) = k + 2. Calculate c(-11).
-9
Let u(o) = 169*o - 1022. Calculate u(6).
-8
Let i(a) = -16*a**2 + 3*a - 3. Give i(1).
-16
Let s(d) = d**3 + 13*d**2 + 1. Calculate s(-13).
1
Let h(z) = 2*z**3 - 15*z**2 - 6*z + 30. What is h(7)?
-61
Let x(u) = 14*u + 4. What is x(-1)?
-10
Let o(v) = v**3 + 6*v**2 - v + 3. What is o(-6)?
9
Let p(g) = -3*g + 11. Give p(7).
-10
Let r(j) = j**3 + 14*j**2 + 26*j + 16. Give r(-12).
-8
Let z(p) = -7*p**2. Determine z(1).
-7
Let i(y) = y**3 + y**2 + 2*y - 4. What is i(0)?
-4
Let f(q) = 2*q - 2. Give f(8).
14
Let k(r) = -r**2 + 8*r + 19. Determine k(-3).
-14
Let q(f) = f**3 - 5*f**2 - 17*f + 25. Calculate q(7).
4
Let b(w) = 7*w - 17. Determine b(2).
-3
Let l(x) = -x**3 - 4*x**2 + 5*x - 12. Determine l(-5).
-12
Let l(s) = -s + 4. Give l(1).
3
Let p(q) = 13*q + 10. What is p(0)?
10
Let a(l) = -13*l + 78. What is a(6)?
0
Let o(f) = -29*f + 19. Give o(3).
-68
Let f(t) = 8*t + 67. What is f(-8)?
3
Let t(v) = 2*v - 9. Calculate t(-12).
-33
Let j(w) = w**2 - 8*w + 13. Calculate j(9).
22
Let b(s) = -s**2 + 13*s + 2. What is b(14)?
-12
Let z(o) = -9*o**2 - 89*o + 15. Calculate z(-10).
5
Let c(n) = 3*n + 21. Give c(-11).
-12
Let s(b) = b**3 - 10*b**2 + 5*b + 27. Calculate s(9).
-9
Let k(j) = -25*j + 174. What is k(7)?
-1
Let g(y) = -4*y - 15. Give g(5).
-35
Let p(z) = z**2 - 8*z - 22. What is p(-2)?
-2
Let d(w) = -28*w + 80. Give d(3).
-4
Let a(n) = n**3 + 8*n**2 + n - 7. What is a(-8)?
-15
Let h(z) = -z**3 - 2*z**2 + 3*z + 2. Determine h(-2).
-4
Let j(v) = v**3 + 11*v**2 + 11*v - 35. Calculate j(-10).
-45
Let u(g) = -g**3 + 7*g**2 - 6*g + 3. Determine u(6).
3
Let x(z) = z**3 - 20*z**2 - z - 5. Determine x(20).
-25
Let k(a) = a**2 + 9*a + 1. Determine k(-10).
11
Let j(a) = -6*a**2 + 1. What is j(-1)?
-5
Let s(t) = -4*t + 19. Determine s(-11).
63
Let v(f) = 4*f**3 + f. Determine v(1).
5
Let l(v) = 4*v - 16. Calculate l(7).
12
Let l(d) = 2*d**2 - d - 181. Give l(-9).
-10
Let u(d) = d**2 + 9*d + 10. What is u(-8)?
2
Let x(p) = 2*p**2 + 8*p - 5. Calculate x(-6).
19
Let c(k) = -k + 19. What is c(0)?
19
Let y(x) = -4*x + 28. Give y(-8).
60
Let m(q) = q**3 - 8*q**2 - 8*q - 5. What is m(9)?
4
Let c(l) = -3*l**2 + 11*l + 5. Give c(4).
1
Let n(r) = -2*r**2 + r - 2. Give n(0).
-2
Let o(n) = n**3 + 8*n**2 + 7*n + 6. Determine o(-7).
6
Let r(u) = u**3 - 24*u**2 + u - 23. Give r(24).
1
Let t(i) = 4*i + 15. Calculate t(-14).
-41
Let z(c) = -c**3 + 7*c**2 - 5*c + 2. What is z(5)?
27
Let k(d) = -2*d - 8. Give k(-4).
0
Let m(w) = 4*w + 17. Calculate m(-5).
-3
Let z(i) = -i**2 + 5*i + 26. Determine z(7).
12
Let b(g) = -11*g - 2. Give b(-5).
53
Let q(d) = 3*d - 3. Calculate q(6).
15
Let y(s) = s**2 - 9*s - 85. What is y(-6)?
5
Let b(p) = 8*p**3 + 5*p**2 + 4*p. Give b(-2).
-52
Let y(j) = j**2 + 15*j - 6. Calculate y(-15).
-6
Let n(l) = -l**2 - 21*l + 39. Determine n(-23).
-7
Let o(h) = h**2 + 2*h + 3. Give o(-4).
11
Let g(u) = u**3 - u**2 - 11*u - 8. Determine g(-2).
2
Let y(l) = -2*l**3 - 4*l**2 + 7*l - 1. Determine y(-4).
35
Let j(z) = 6*z**2 + 30*z - 36. Give j(-6).
0
Let g(p) = -37*p. Give g(2).
-74
Let q(c) = -14*c + 4. Give q(-1).
18
Let p(d) = d**2 + d - 7. Give p(-4).
5
Let u(c) = 3*c + 36. What is u(-12)?
0
Let o(l) = l + 11. Give o(3).
14
Let q(z) = z**2 + 14*z - 30. Determine q(-16).
2
Let m(t) = t**2 - 8*t - 6. Give m(0).
-6
Let l(t) = -t**2 - 88*t + 463. Give l(5).
-2
Let x(n) = -2*n**3 + 34*n**2 + 3*n - 48. What is x(17)?
3
Let t(n) = -18*n - 1. Determine t(2).
-37
Let n(f) = f**3 + 15*f**2 - f - 16. Give n(-15).
-1
Let z(f) = 5*f**2 - 38*f + 70. Give z(4).
-2
Let r(p) = p**3 + 3*p - 1. Give r(2).
13
Let c(h) = 3*h - 4. Give c(-8).
-28
Let c(j) = -j**2 - 10*j - 9. Calculate c(-7).
12
Let i(x) = -x + 64. Determine i(0).
64
Let i(h) = h**3 - 4*h**2 - 12*h - 10. Calculate i(6).
-10
Let f(j) = 27*j + 402. Determine f(-15).
-3
Let s(b) = 26*b - 33. Determine s(2).
19
Let v(i) = -i**3 - 9*i**2 + 11*i + 10. What is v(-10)?
0
Let u(k) = 5*k**3 + 4*k**2 + 3*k + 2. Give u(-2).
-28
Let o(f) = 2*f**2 + 10*f - 11. What is o(1)?
1
Let h(c) = c + 49. What is h(19)?
68
Let i(p) = -6*p - 9. Calculate i(-12).
63
Let m(l) = l**3 - 5*l**2 - 13*l. Calculate m(-3).
-33
Let z(d) = -2*d + 13. Determine z(6).
1
Let s(z) = 8*z + 2. Determine s(3).
26
Let a(z) = 4*z**2 - 16*z - 5. Give a(4).
-5
Let d(l) = 3*l - 9. Give d(3).
0
Let m(x) = -x**2 + 14*x + 5. Calculate m(15).
-10
Let v(g) = -g**3 + 2*g**2 + 2*g - 4. Determine v(3).
-7
Let i(g) = -10*g - 36. Give i(-5).
14
Let f(g) = -g. Give f(1).
-1
Let c(i) = 2*i + 23. Give c(-13).
-3
Let d(q) = 11*q - 3. Determine d(3).
30
Let d(k) = k**2 + 11*k - 7. Calculate d(-14).
35
Let n(g) = -41*g + 405. Give n(10).
-5
Let p(z) = -z**3 + 11*z**2 - 25*z - 6. Calculate p(4).
6
Let f(n) = -n**3 - 11*n**2 + 5*n - 56. Calculate f(-12).
28
Let g(p) = -p**3 + 7*p**2 + 9. Calculate g(7).
9
Let y(f) = -8*f + 11. What is y(1)?
3
Let r(c) = -c**2 + 32*c - 167. What is r(21)?
64
Let h(u) = 54*u**2 - 48*u - 1. Calculate h(1).
5
Let y(k) = -13*k - 4. Give y(1).
-17
Let o(t) = 4*t - 19. What is o(-5)?
-39
Let x(y) = 3*y + 2. Calculate x(-3).
-7
Let l(g) = 21*g - 8. What is l(1)?
13
Let n(y) = -y**3 + 18*y**2 - 3*y + 27. Give n(18).
-27
Let c(r) = 2*r + 9. Calculate c(-12).
-15
Let i(s) = -20*s**3 - 3*s + 2. Determine i(1).
-21
Let f(c) = c**2 + c + 3. Calculate f(0).
3
Let q(k) = -k**2 - 8*k - 27. Determine q(-8).
-27
Let a(y) = -y**3 - 8*y**2 - 9*y + 3. Give a(-6).
-15
Let w(f) = -23*f + 126. Give w(8).
-58
Let l(v) = 2*v**2 + 36*v + 44. Determine l(-17).
10
Let w(f) = 2*f**3 - 12*f**2 - 6. Calculate w(6).
-6
Let a(o) = 58*o + 21. Calculate a(-1).
-37
Let o(x) = -11*x - 1. What is o(1)?
-12
Let q(c) = c**3 - 11*c**2 + 21*c - 30. Determine q(9).
-3
Let l(a) = -13*a + 416. Determine l(32).
0
Let w(j) = j**2 + 8*j + 4. Determine w(-5).
-11
Let r(l) = -7*l**2 - 2*l - 2. Calculate r(-2).
-26
Let z(c) = c + 1. What is z(-2)?
-1
Let v(g) = -4*g - 43. Calculate v(0).
-43
Let q(j) = -j**3 - 3*j**2 + 12*j + 8. Determine q(-5).
-2
Let j(m) = 7*m + 166. Give j(-24).
-2
Let r(u) = 4*u + 7. Determine r(-5).
-13
Let a(m) = 3*m**2 + 10*m + 3. Calculate a(-3).
0
Let b(i